{"id":17800,"date":"2017-10-04T12:12:25","date_gmt":"2017-10-04T10:12:25","guid":{"rendered":"https:\/\/nuscospa.com\/?post_type=product&#038;p=17800\/"},"modified":"2024-03-21T15:36:57","modified_gmt":"2024-03-21T14:36:57","slug":"pvc-pro72","status":"publish","type":"product","link":"https:\/\/nuscospa.com\/it\/prodotto\/finestre\/pvc\/pvc-pro72\/","title":{"rendered":"PVC PRO72"},"content":{"rendered":"<p><strong>PRO 72<\/strong><\/p>\n<p><strong>qualit\u00e0 e prestazioni<\/strong><\/p>\n<p>&nbsp;<\/p>\n<p class=\"p1\">La scelta della giusta finitura \u00e8 il segreto per ottenere un ambiente confortevole. Oltre al suo aspetto elegante, il profilo 72 PRO con una profondit\u00e0 d\u2019incasso del telaio di 72 mm risulta convincente per la sua funzionalit\u00e0. Massima stabilit\u00e0 e facilit\u00e0 nella cura creano i presupposti per una realizzazione ambiziosa degli infissi. L\u2019elegante conformazione del profilo con rinforzi in acciaio garantisce una eccellente stabilit\u00e0 e un\u2019affidabile sicurezza funzionale.<\/p>\n<p>&nbsp;<\/p>\n<p><u>specifiche tecniche<\/u><\/p>\n<p>Profondit\u00e0 telaio 72 mm<\/p>\n<p>Profondit\u00e0 anta 72 mm<\/p>\n<p>Profondit\u00e0 montanti 72 mm<\/p>\n<p>camere 5<\/p>\n<p>Guarnizioni 3<\/p>\n<p>di serie microventilazione, vetro Saint-gobain PLANITHERM 4S, canalina warm edge<\/p>\n<p>&nbsp;<\/p>\n<p>colori di serie<\/p>\n<p>Bianco massa<\/p>\n<p>Polareiche 43<\/p>\n<p>White ash 35<\/p>\n<p>Nussbaum 21<\/p>\n<p>Golden Oak 51<\/p>\n<p>Vintage Oak 41<\/p>\n<p>Anthrazitgrau 70<\/p>\n<p>&nbsp;<\/p>\n<p><u>prestazioni<\/u><\/p>\n<p>trasmittanza termica k = 1,2 W\/m\u00b2 K (max)<\/p>\n<p>abbattimento acustico fino a 46 db<\/p>\n<p>permeabilit\u00e0 all&#8217;aria classe 4<\/p>\n<p>tenuta all&#8217;acqua classe 9A<\/p>\n<p>resistenza al vento classe C5\/B5<\/p>\n<p>sistema di sicurezza classe RC2<\/p>\n","protected":false},"excerpt":{"rendered":"<p class=\"p1\">La scelta della giusta finitura \u00e8 il segreto per ottenere un ambiente confortevole. Oltre al suo aspetto elegante, il profilo 72 PRO con una profondit\u00e0 d\u2019incasso del telaio di 72 mm risulta convincente per la sua funzionalit\u00e0.<\/p>\n","protected":false},"featured_media":27148,"template":"","meta":{"inline_featured_image":false},"product_brand":[],"product_cat":[82,151],"product_tag":[],"class_list":{"0":"post-17800","1":"product","2":"type-product","3":"status-publish","4":"has-post-thumbnail","6":"product_cat-finestre","7":"product_cat-pvc","9":"first","10":"instock","11":"shipping-taxable","12":"product-type-simple"},"yoast_head":"<!-- This site is optimized with the Yoast SEO plugin v25.5 - https:\/\/yoast.com\/wordpress\/plugins\/seo\/ -->\n<title>PVC PRO72 - Nusco SpA: dal 1968, porte e infissi per passione<\/title>\n<meta name=\"robots\" content=\"index, follow, max-snippet:-1, max-image-preview:large, max-video-preview:-1\" \/>\n<link rel=\"canonical\" href=\"https:\/\/nuscospa.com\/it\/prodotto\/finestre\/pvc\/pvc-pro72\/\" \/>\n<meta property=\"og:locale\" content=\"it_IT\" \/>\n<meta property=\"og:type\" content=\"article\" \/>\n<meta property=\"og:title\" content=\"PVC PRO72 - Nusco SpA: dal 1968, porte e infissi per passione\" \/>\n<meta property=\"og:description\" content=\"La scelta della giusta finitura \u00e8 il segreto per ottenere un ambiente confortevole. Oltre al suo aspetto elegante, il profilo 72 PRO con una profondit\u00e0 d\u2019incasso del telaio di 72 mm risulta convincente per la sua funzionalit\u00e0.\" \/>\n<meta property=\"og:url\" content=\"https:\/\/nuscospa.com\/it\/prodotto\/finestre\/pvc\/pvc-pro72\/\" \/>\n<meta property=\"og:site_name\" content=\"Nusco SpA: dal 1968, porte e infissi per passione\" \/>\n<meta property=\"article:publisher\" content=\"https:\/\/www.facebook.com\/Nusco.spa\" \/>\n<meta property=\"article:modified_time\" content=\"2024-03-21T14:36:57+00:00\" \/>\n<meta property=\"og:image\" content=\"https:\/\/nuscospa.com\/wp-content\/uploads\/2024\/03\/pro-72.jpg\" \/>\n\t<meta property=\"og:image:width\" content=\"1080\" \/>\n\t<meta property=\"og:image:height\" content=\"1080\" \/>\n\t<meta property=\"og:image:type\" content=\"image\/jpeg\" \/>\n<meta name=\"twitter:card\" content=\"summary_large_image\" \/>\n<meta name=\"twitter:label1\" content=\"Tempo di lettura stimato\" \/>\n\t<meta name=\"twitter:data1\" content=\"2 minuti\" \/>\n<script type=\"application\/ld+json\" class=\"yoast-schema-graph\">{\"@context\":\"https:\/\/schema.org\",\"@graph\":[{\"@type\":\"WebPage\",\"@id\":\"https:\/\/nuscospa.com\/it\/prodotto\/finestre\/pvc\/pvc-pro72\/\",\"url\":\"https:\/\/nuscospa.com\/it\/prodotto\/finestre\/pvc\/pvc-pro72\/\",\"name\":\"PVC PRO72 - Nusco SpA: dal 1968, porte e infissi per passione\",\"isPartOf\":{\"@id\":\"https:\/\/nuscospa.com\/it\/#website\"},\"primaryImageOfPage\":{\"@id\":\"https:\/\/nuscospa.com\/it\/prodotto\/finestre\/pvc\/pvc-pro72\/#primaryimage\"},\"image\":{\"@id\":\"https:\/\/nuscospa.com\/it\/prodotto\/finestre\/pvc\/pvc-pro72\/#primaryimage\"},\"thumbnailUrl\":\"https:\/\/nuscospa.com\/wp-content\/uploads\/2024\/03\/pro-72.jpg\",\"datePublished\":\"2017-10-04T10:12:25+00:00\",\"dateModified\":\"2024-03-21T14:36:57+00:00\",\"breadcrumb\":{\"@id\":\"https:\/\/nuscospa.com\/it\/prodotto\/finestre\/pvc\/pvc-pro72\/#breadcrumb\"},\"inLanguage\":\"it-IT\",\"potentialAction\":[{\"@type\":\"ReadAction\",\"target\":[\"https:\/\/nuscospa.com\/it\/prodotto\/finestre\/pvc\/pvc-pro72\/\"]}]},{\"@type\":\"ImageObject\",\"inLanguage\":\"it-IT\",\"@id\":\"https:\/\/nuscospa.com\/it\/prodotto\/finestre\/pvc\/pvc-pro72\/#primaryimage\",\"url\":\"https:\/\/nuscospa.com\/wp-content\/uploads\/2024\/03\/pro-72.jpg\",\"contentUrl\":\"https:\/\/nuscospa.com\/wp-content\/uploads\/2024\/03\/pro-72.jpg\",\"width\":1080,\"height\":1080},{\"@type\":\"BreadcrumbList\",\"@id\":\"https:\/\/nuscospa.com\/it\/prodotto\/finestre\/pvc\/pvc-pro72\/#breadcrumb\",\"itemListElement\":[{\"@type\":\"ListItem\",\"position\":1,\"name\":\"Home\",\"item\":\"https:\/\/nuscospa.com\/it\/\"},{\"@type\":\"ListItem\",\"position\":2,\"name\":\"Prodotti Nusco\",\"item\":\"https:\/\/nuscospa.com\/it\/prodotti-nusco\/\"},{\"@type\":\"ListItem\",\"position\":3,\"name\":\"PVC PRO72\"}]},{\"@type\":\"WebSite\",\"@id\":\"https:\/\/nuscospa.com\/it\/#website\",\"url\":\"https:\/\/nuscospa.com\/it\/\",\"name\":\"Nusco SpA: dal 1968, porte e infissi per passione\",\"description\":\"Nusco SpA \u00e8 leader nella produzione di porte, infissi in legno, legno alluminio e PVC, grate e persiane di sicurezza. Scopri le nostre collezioni!\",\"publisher\":{\"@id\":\"https:\/\/nuscospa.com\/it\/#organization\"},\"potentialAction\":[{\"@type\":\"SearchAction\",\"target\":{\"@type\":\"EntryPoint\",\"urlTemplate\":\"https:\/\/nuscospa.com\/it\/?s={search_term_string}\"},\"query-input\":{\"@type\":\"PropertyValueSpecification\",\"valueRequired\":true,\"valueName\":\"search_term_string\"}}],\"inLanguage\":\"it-IT\"},{\"@type\":\"Organization\",\"@id\":\"https:\/\/nuscospa.com\/it\/#organization\",\"name\":\"Nusco SpA\",\"url\":\"https:\/\/nuscospa.com\/it\/\",\"logo\":{\"@type\":\"ImageObject\",\"inLanguage\":\"it-IT\",\"@id\":\"https:\/\/nuscospa.com\/it\/#\/schema\/logo\/image\/\",\"url\":\"https:\/\/nuscospa.com\/wp-content\/uploads\/2018\/03\/nusco-logo.png\",\"contentUrl\":\"https:\/\/nuscospa.com\/wp-content\/uploads\/2018\/03\/nusco-logo.png\",\"width\":1768,\"height\":744,\"caption\":\"Nusco SpA\"},\"image\":{\"@id\":\"https:\/\/nuscospa.com\/it\/#\/schema\/logo\/image\/\"},\"sameAs\":[\"https:\/\/www.facebook.com\/Nusco.spa\",\"http:\/\/www.linkedin.com\/company\/5103818?trk=tyah&amp;amp;trkInfo=tas:gruppo nusco spa,idx:1-1-1\",\"https:\/\/youtube.com\/@nuscospa3358?si=Y_sAVi-OY5P-hwSM\"]}]}<\/script>\n<!-- \/ Yoast SEO plugin. -->","yoast_head_json":{"title":"PVC PRO72 - Nusco SpA: dal 1968, porte e infissi per passione","robots":{"index":"index","follow":"follow","max-snippet":"max-snippet:-1","max-image-preview":"max-image-preview:large","max-video-preview":"max-video-preview:-1"},"canonical":"https:\/\/nuscospa.com\/it\/prodotto\/finestre\/pvc\/pvc-pro72\/","og_locale":"it_IT","og_type":"article","og_title":"PVC PRO72 - Nusco SpA: dal 1968, porte e infissi per passione","og_description":"La scelta della giusta finitura \u00e8 il segreto per ottenere un ambiente confortevole. Oltre al suo aspetto elegante, il profilo 72 PRO con una profondit\u00e0 d\u2019incasso del telaio di 72 mm risulta convincente per la sua funzionalit\u00e0.","og_url":"https:\/\/nuscospa.com\/it\/prodotto\/finestre\/pvc\/pvc-pro72\/","og_site_name":"Nusco SpA: dal 1968, porte e infissi per passione","article_publisher":"https:\/\/www.facebook.com\/Nusco.spa","article_modified_time":"2024-03-21T14:36:57+00:00","og_image":[{"width":1080,"height":1080,"url":"https:\/\/nuscospa.com\/wp-content\/uploads\/2024\/03\/pro-72.jpg","type":"image\/jpeg"}],"twitter_card":"summary_large_image","twitter_misc":{"Tempo di lettura stimato":"2 minuti"},"schema":{"@context":"https:\/\/schema.org","@graph":[{"@type":"WebPage","@id":"https:\/\/nuscospa.com\/it\/prodotto\/finestre\/pvc\/pvc-pro72\/","url":"https:\/\/nuscospa.com\/it\/prodotto\/finestre\/pvc\/pvc-pro72\/","name":"PVC PRO72 - Nusco SpA: dal 1968, porte e infissi per passione","isPartOf":{"@id":"https:\/\/nuscospa.com\/it\/#website"},"primaryImageOfPage":{"@id":"https:\/\/nuscospa.com\/it\/prodotto\/finestre\/pvc\/pvc-pro72\/#primaryimage"},"image":{"@id":"https:\/\/nuscospa.com\/it\/prodotto\/finestre\/pvc\/pvc-pro72\/#primaryimage"},"thumbnailUrl":"https:\/\/nuscospa.com\/wp-content\/uploads\/2024\/03\/pro-72.jpg","datePublished":"2017-10-04T10:12:25+00:00","dateModified":"2024-03-21T14:36:57+00:00","breadcrumb":{"@id":"https:\/\/nuscospa.com\/it\/prodotto\/finestre\/pvc\/pvc-pro72\/#breadcrumb"},"inLanguage":"it-IT","potentialAction":[{"@type":"ReadAction","target":["https:\/\/nuscospa.com\/it\/prodotto\/finestre\/pvc\/pvc-pro72\/"]}]},{"@type":"ImageObject","inLanguage":"it-IT","@id":"https:\/\/nuscospa.com\/it\/prodotto\/finestre\/pvc\/pvc-pro72\/#primaryimage","url":"https:\/\/nuscospa.com\/wp-content\/uploads\/2024\/03\/pro-72.jpg","contentUrl":"https:\/\/nuscospa.com\/wp-content\/uploads\/2024\/03\/pro-72.jpg","width":1080,"height":1080},{"@type":"BreadcrumbList","@id":"https:\/\/nuscospa.com\/it\/prodotto\/finestre\/pvc\/pvc-pro72\/#breadcrumb","itemListElement":[{"@type":"ListItem","position":1,"name":"Home","item":"https:\/\/nuscospa.com\/it\/"},{"@type":"ListItem","position":2,"name":"Prodotti Nusco","item":"https:\/\/nuscospa.com\/it\/prodotti-nusco\/"},{"@type":"ListItem","position":3,"name":"PVC PRO72"}]},{"@type":"WebSite","@id":"https:\/\/nuscospa.com\/it\/#website","url":"https:\/\/nuscospa.com\/it\/","name":"Nusco SpA: dal 1968, porte e infissi per passione","description":"Nusco SpA \u00e8 leader nella produzione di porte, infissi in legno, legno alluminio e PVC, grate e persiane di sicurezza. Scopri le nostre collezioni!","publisher":{"@id":"https:\/\/nuscospa.com\/it\/#organization"},"potentialAction":[{"@type":"SearchAction","target":{"@type":"EntryPoint","urlTemplate":"https:\/\/nuscospa.com\/it\/?s={search_term_string}"},"query-input":{"@type":"PropertyValueSpecification","valueRequired":true,"valueName":"search_term_string"}}],"inLanguage":"it-IT"},{"@type":"Organization","@id":"https:\/\/nuscospa.com\/it\/#organization","name":"Nusco SpA","url":"https:\/\/nuscospa.com\/it\/","logo":{"@type":"ImageObject","inLanguage":"it-IT","@id":"https:\/\/nuscospa.com\/it\/#\/schema\/logo\/image\/","url":"https:\/\/nuscospa.com\/wp-content\/uploads\/2018\/03\/nusco-logo.png","contentUrl":"https:\/\/nuscospa.com\/wp-content\/uploads\/2018\/03\/nusco-logo.png","width":1768,"height":744,"caption":"Nusco SpA"},"image":{"@id":"https:\/\/nuscospa.com\/it\/#\/schema\/logo\/image\/"},"sameAs":["https:\/\/www.facebook.com\/Nusco.spa","http:\/\/www.linkedin.com\/company\/5103818?trk=tyah&amp;amp;trkInfo=tas:gruppo nusco spa,idx:1-1-1","https:\/\/youtube.com\/@nuscospa3358?si=Y_sAVi-OY5P-hwSM"]}]}},"_links":{"self":[{"href":"https:\/\/nuscospa.com\/it\/wp-json\/wp\/v2\/product\/17800"}],"collection":[{"href":"https:\/\/nuscospa.com\/it\/wp-json\/wp\/v2\/product"}],"about":[{"href":"https:\/\/nuscospa.com\/it\/wp-json\/wp\/v2\/types\/product"}],"wp:featuredmedia":[{"embeddable":true,"href":"https:\/\/nuscospa.com\/it\/wp-json\/wp\/v2\/media\/27148"}],"wp:attachment":[{"href":"https:\/\/nuscospa.com\/it\/wp-json\/wp\/v2\/media?parent=17800"}],"wp:term":[{"taxonomy":"product_brand","embeddable":true,"href":"https:\/\/nuscospa.com\/it\/wp-json\/wp\/v2\/product_brand?post=17800"},{"taxonomy":"product_cat","embeddable":true,"href":"https:\/\/nuscospa.com\/it\/wp-json\/wp\/v2\/product_cat?post=17800"},{"taxonomy":"product_tag","embeddable":true,"href":"https:\/\/nuscospa.com\/it\/wp-json\/wp\/v2\/product_tag?post=17800"}],"curies":[{"name":"wp","href":"https:\/\/api.w.org\/{rel}","templated":true}]}}

<p><strong>PRO 72</strong></p>
<p><strong>qualità e prestazioni</strong></p>
<p>&nbsp;</p>
<p class="p1">La scelta della giusta finitura è il segreto per ottenere un ambiente confortevole. Oltre al suo aspetto elegante, il profilo 72 PRO con una profondità d’incasso del telaio di 72 mm risulta convincente per la sua funzionalità. Massima stabilità e facilità nella cura creano i presupposti per una realizzazione ambiziosa degli infissi. L’elegante conformazione del profilo con rinforzi in acciaio garantisce una eccellente stabilità e un’affidabile sicurezza funzionale.</p>
<p>&nbsp;</p>
<p><u>specifiche tecniche</u></p>
<p>Profondità telaio 72 mm</p>
<p>Profondità anta 72 mm</p>
<p>Profondità montanti 72 mm</p>
<p>camere 5</p>
<p>Guarnizioni 3</p>
<p>di serie microventilazione, vetro Saint-gobain PLANITHERM 4S, canalina warm edge</p>
<p>&nbsp;</p>
<p>colori di serie</p>
<p>Bianco massa</p>
<p>Polareiche 43</p>
<p>White ash 35</p>
<p>Nussbaum 21</p>
<p>Golden Oak 51</p>
<p>Vintage Oak 41</p>
<p>Anthrazitgrau 70</p>
<p>&nbsp;</p>
<p><u>prestazioni</u></p>
<p>trasmittanza termica k = 1,2 W/m² K (max)</p>
<p>abbattimento acustico fino a 46 db</p>
<p>permeabilità all&#8217;aria classe 4</p>
<p>tenuta all&#8217;acqua classe 9A</p>
<p>resistenza al vento classe C5/B5</p>
<p>sistema di sicurezza classe RC2</p>

<p class="p1">La scelta della giusta finitura è il segreto per ottenere un ambiente confortevole. Oltre al suo aspetto elegante, il profilo 72 PRO con una profondità d’incasso del telaio di 72 mm risulta convincente per la sua funzionalità.</p>

<!-- This site is optimized with the Yoast SEO plugin v25.5 - https://yoast.com/wordpress/plugins/seo/ -->
<title>PVC PRO72 - Nusco SpA: dal 1968, porte e infissi per passione</title>
<meta name="robots" content="index, follow, max-snippet:-1, max-image-preview:large, max-video-preview:-1" />
<link rel="canonical" href="https://nuscospa.com/it/prodotto/finestre/pvc/pvc-pro72/" />
<meta property="og:locale" content="it_IT" />
<meta property="og:type" content="article" />
<meta property="og:title" content="PVC PRO72 - Nusco SpA: dal 1968, porte e infissi per passione" />
<meta property="og:description" content="La scelta della giusta finitura è il segreto per ottenere un ambiente confortevole. Oltre al suo aspetto elegante, il profilo 72 PRO con una profondità d’incasso del telaio di 72 mm risulta convincente per la sua funzionalità." />
<meta property="og:url" content="https://nuscospa.com/it/prodotto/finestre/pvc/pvc-pro72/" />
<meta property="og:site_name" content="Nusco SpA: dal 1968, porte e infissi per passione" />
<meta property="article:publisher" content="https://www.facebook.com/Nusco.spa" />
<meta property="article:modified_time" content="2024-03-21T14:36:57+00:00" />
<meta property="og:image" content="https://nuscospa.com/wp-content/uploads/2024/03/pro-72.jpg" />
	<meta property="og:image:width" content="1080" />
	<meta property="og:image:height" content="1080" />
	<meta property="og:image:type" content="image/jpeg" />
<meta name="twitter:card" content="summary_large_image" />
<meta name="twitter:label1" content="Tempo di lettura stimato" />
	<meta name="twitter:data1" content="2 minuti" />
<script type="application/ld+json" class="yoast-schema-graph">{"@context":"https://schema.org","@graph":[{"@type":"WebPage","@id":"https://nuscospa.com/it/prodotto/finestre/pvc/pvc-pro72/","url":"https://nuscospa.com/it/prodotto/finestre/pvc/pvc-pro72/","name":"PVC PRO72 - Nusco SpA: dal 1968, porte e infissi per passione","isPartOf":{"@id":"https://nuscospa.com/it/#website"},"primaryImageOfPage":{"@id":"https://nuscospa.com/it/prodotto/finestre/pvc/pvc-pro72/#primaryimage"},"image":{"@id":"https://nuscospa.com/it/prodotto/finestre/pvc/pvc-pro72/#primaryimage"},"thumbnailUrl":"https://nuscospa.com/wp-content/uploads/2024/03/pro-72.jpg","datePublished":"2017-10-04T10:12:25+00:00","dateModified":"2024-03-21T14:36:57+00:00","breadcrumb":{"@id":"https://nuscospa.com/it/prodotto/finestre/pvc/pvc-pro72/#breadcrumb"},"inLanguage":"it-IT","potentialAction":[{"@type":"ReadAction","target":["https://nuscospa.com/it/prodotto/finestre/pvc/pvc-pro72/"]}]},{"@type":"ImageObject","inLanguage":"it-IT","@id":"https://nuscospa.com/it/prodotto/finestre/pvc/pvc-pro72/#primaryimage","url":"https://nuscospa.com/wp-content/uploads/2024/03/pro-72.jpg","contentUrl":"https://nuscospa.com/wp-content/uploads/2024/03/pro-72.jpg","width":1080,"height":1080},{"@type":"BreadcrumbList","@id":"https://nuscospa.com/it/prodotto/finestre/pvc/pvc-pro72/#breadcrumb","itemListElement":[{"@type":"ListItem","position":1,"name":"Home","item":"https://nuscospa.com/it/"},{"@type":"ListItem","position":2,"name":"Prodotti Nusco","item":"https://nuscospa.com/it/prodotti-nusco/"},{"@type":"ListItem","position":3,"name":"PVC PRO72"}]},{"@type":"WebSite","@id":"https://nuscospa.com/it/#website","url":"https://nuscospa.com/it/","name":"Nusco SpA: dal 1968, porte e infissi per passione","description":"Nusco SpA è leader nella produzione di porte, infissi in legno, legno alluminio e PVC, grate e persiane di sicurezza. Scopri le nostre collezioni!","publisher":{"@id":"https://nuscospa.com/it/#organization"},"potentialAction":[{"@type":"SearchAction","target":{"@type":"EntryPoint","urlTemplate":"https://nuscospa.com/it/?s={search_term_string}"},"query-input":{"@type":"PropertyValueSpecification","valueRequired":true,"valueName":"search_term_string"}}],"inLanguage":"it-IT"},{"@type":"Organization","@id":"https://nuscospa.com/it/#organization","name":"Nusco SpA","url":"https://nuscospa.com/it/","logo":{"@type":"ImageObject","inLanguage":"it-IT","@id":"https://nuscospa.com/it/#/schema/logo/image/","url":"https://nuscospa.com/wp-content/uploads/2018/03/nusco-logo.png","contentUrl":"https://nuscospa.com/wp-content/uploads/2018/03/nusco-logo.png","width":1768,"height":744,"caption":"Nusco SpA"},"image":{"@id":"https://nuscospa.com/it/#/schema/logo/image/"},"sameAs":["https://www.facebook.com/Nusco.spa","http://www.linkedin.com/company/5103818?trk=tyah&amp;amp;trkInfo=tas:gruppo nusco spa,idx:1-1-1","https://youtube.com/@nuscospa3358?si=Y_sAVi-OY5P-hwSM"]}]}</script>
<!-- / Yoast SEO plugin. -->

La scelta della giusta finitura è il segreto per ottenere un ambiente confortevole. Oltre al suo aspetto elegante, il profilo 72 PRO con una profondità d’incasso del telaio di 72 mm risulta convincente per la sua funzionalità.

Nusco SpA è leader nella produzione di porte, infissi in legno, legno alluminio e PVC, grate e persiane di sicurezza. Scopri le nostre collezioni!
